- 6, -5*c = -3*d - 736. What is the remainder when c is divided by 37?
35
Suppose 0 = 32*u - 10*u - 44. What is the remainder when 45 is divided by (-1 + 2)*1 + u + 9?
9
Calculate the remainder when ((-99)/27)/(1/(-234)) is divided by 129/2*(-568)/(-426).
84
Suppose -21*h - 86 = -23*h. Suppose 31*g - 1900 + 319 = 0. What is the remainder when g is divided by h?
8
Let r(m) = m - 8. Let l be r(12). Let z be (-1036)/(-26) + 7/(182/l). Suppose 3*u + z = 11*u. What is the remainder when 59 is divided by u?
4
Let u be 151/11*-4 - 92/1012. What is the remainder when 2/(-2) + 66 + 2 is divided by u - -63 - 6/(-1)?
11
Suppose -w = -a + 544, -4*w = -a - 0*w + 553. Suppose 3*l - 158 = a. Calculate the remainder when l is divided by 39.
38
Suppose -1610*m = -1587*m - 11086. What is the remainder when m is divided by 128?
98
Suppose -436198 = -170*m + 63262. Calculate the remainder when m is divided by 35.
33
Suppose -20 = 4*z, 4*z + 15 = 4*x - 33. Let h be 276/115 - (-2)/(-5). Suppose -1 = -h*p + 21. Calculate the remainder when p is divided by x.
4
Let l(j) = j**2 + 3*j + 4. Let f be l(-2). Suppose f*q + 5*w - 28 = 7*w, -3*w + 38 = 5*q. Calculate the remainder when 208 is divided by q.
8
Let r = -32 + 36. Suppose -5*w = -0 - 20, -r*h - 2*w - 460 = 0. Let c = 206 + h. Calculate the remainder when c is divided by 30.
29
Let f = -339 + 487. Suppose -281 = -11*i + f. Calculate the remainder when 271 is divided by i.
37
Let k = 115 - 115. Suppose -3*j + 0*b + b + 17 = 0, -3*b - 6 = k. What is the remainder when 50 is divided by (1 + j)*2/(2/3)?
14
Suppose 32 = 2*c - 0. Let n(d) = -7*d**2 + 113*d + 17. Calculate the remainder when 75 is divided by n(c).
9
Let n = 304 - 182. Suppose -m = 4*p + m - 22, 0 = 4*p - 5*m - 43. Let z(l) = -l**3 + 9*l**2 - 10*l + 3. What is the remainder when n is divided by z(p)?
29
Suppose r - 4*d - 41 = d, 228 = 5*r - 2*d. Suppose 5*j + 5 = -l, -22*l - 2*j - 9 = -23*l. What is the remainder when r is divided by (-6)/((-150)/295) + 1/l?
10
Suppose 0 = 4*z + 3*v + 175, 91 = -2*z - 0*z - 5*v. Let f = -40 - z. Let w(b) = -b**3 - 3*b**2 - b. What is the remainder when w(-3) is divided by f?
0
Suppose 19*g - 171918 + 32887 = -22*g. What is the remainder when g is divided by 29?
27
Suppose -6*y - 2*m = -3*y - 1007, 0 = 3*y + 5*m - 1019. Let w = y - 311. Calculate the remainder when w is divided by 5.
2
Suppose 3*t - 338 = 2*i, 2*t + i + 0*i - 223 = 0. Let j be (t/42)/((-2)/(-3)). Suppose 5*s = -j*s + 198. What is the remainder when s is divided by 12?
10
Suppose -24*v + 6*v = -143 - 19. What is the remainder when 23 is divided by v?
5
Let k be ((-2)/3)/(2/(-345)). Suppose 2*n + 3*n - k = 0. Suppose -106*f + 201*f + 3300 = 145*f. Calculate the remainder when f is divided by n.
20
Suppose 0 = 5*x + 4*c + 6, 0*x + x + c + 2 = 0. Let s be ((-7)/2 + 4)*2. Suppose x*o = 7 + s. What is the remainder when 6 is divided by o?
2
Let c(i) = 2*i**2 - i + 258. Let y be c(0). Suppose -2*a + 349 = 5*s - 81, 5*a - y = -3*s. Calculate the remainder when s is divided by 18.
14
Calculate the remainder when -8 + 3978/10 + 128/(-160) is divided by 112.
53
Let x = -375 - -379. Suppose 2*t = -a + 59, x*t = 9*t + a - 140. Suppose 44 = 4*z + 4*l, z - 4*l = -2*z + 61. Calculate the remainder when t is divided by z.
12
Let b = -2478 - -2524. Suppose -r - r - 52 = 0. Let y = r + 38. Calculate the remainder when b is divided by y.
10
Let a(u) = u**2 + 12*u - 38. Let k be a(-12). Let b(y) = 9*y + 383. What is the remainder when 94 is divided by b(k)?
12
Let x(n) = -n**2 + 58*n + 187. Calculate the remainder when 134 is divided by x(60).
0
Let x(m) = 22*m + 191. Let i be x(-48). Let c = 954 + i. Calculate the remainder when 283 is divided by c.
16
Let w(l) = 378*l - 7423. What is the remainder when 8218 is divided by w(20)?
135
Suppose 2*w - 124 = -117*b + 115*b, -4*b - w = -263. What is the remainder when 2186 is divided by b?
42
Suppose -63 = -2*h + 5*h. Let l = h + 24. Suppose 4*v - 18 = v + 3*w, 3*v + 5*w = -6. Calculate the remainder when l is divided by v.
0
Suppose 88 = 24*z - 896. Calculate the remainder when 8484 is divided by z.
38
Let t(l) = l**2 + 47*l - 1056. What is the remainder when 216 is divided by t(-64)?
24
Calculate the remainder when (-1296)/(-189)*(-4620)/(-8) is divided by 65.
60
Let q(g) = 28*g + 1700. Calculate the remainder when q(-21) is divided by 53.
52
Calculate the remainder when 4791/(72/24) + -4*1 is divided by 32.
25
Suppose 4*h - 25 - 22 = -5*u, 3*u - 49 = -5*h. Let b(l) = -19 + 2*l**2 + 234*l - l**3 - 8*l**2 - 247*l. What is the remainder when b(-5) is divided by h?
5
Suppose -94*b - 45649 + 119985 + 83490 = 0. Calculate the remainder when b is divided by 40.
39
Let q = 22810 + -12301. Calculate the remainder when q is divided by 219.
216
Let d = 2375 + -2360. What is the remainder when 235 is divided by d?
10
Suppose s = -4*s + 35. Suppose 333 = s*i - 31. What is the remainder when i is divided by (-125)/75 + 82/6?
4
Suppose -8*w + 7 = -49. Let q = 95 + -62. What is the remainder when q is divided by 2/w - 94/(-14)?
5
Suppose 3*s + 3458 = 3*p + 8*s, 0 = -5*p - 2*s + 5738. What is the remainder when 286 is divided by (p/8)/3 - 2/(-8)?
46
Let g = -3604 - -3625. Calculate the remainder when 13649 is divided by g.
20
Suppose -50*j + 56*j - 552 = 0. Suppose i + o - j = -2*i, -i = -4*o - 9. What is the remainder when 171 is divided by i?
26
Let f be 3/(1 - 4)*-6. Suppose -f*u - 32 = -2*u. What is the remainder when 4/u - 117/(-6) is divided by 10?
9
Let a(d) = 4*d**2 + 393*d + 266. What is the remainder when 974 is divided by a(-98)?
134
Suppose -5*d - 203 = 182. Let b = 94 + d. Suppose 4*f + 2*v - 23 = f, -3*v + b = 2*f. Calculate the remainder when 34 is divided by f.
6
Let h(p) = -10*p**3 - 4*p**2 - 2*p + 1. Let x be h(-4). Suppose -31*z + x = -624. What is the remainder when z is divided by 29?
10
Let o = -3 + 3. Let p = 18 + o. Suppose -2*b = -2*h + 18, -2*b - 221 + 219 = 0. What is the remainder when p is divided by h?
2
Let r be 58*((-21)/28 - (-15)/12). Suppose f - w = 17, -4*f + 2*f = -3*w - r. What is the remainder when f is divided by 5?
2
Let u = -98 - -104. Suppose 10*c - 4 = u. Suppose m - 51 = -o, 0 = o - 3 + c. Calculate the remainder when m is divided by 10.
9
Let n(m) be the third derivative of 1/8*m**4 + 0 + 0*m + 5/2*m**3 + 22*m**2. Calculate the remainder when 29 is divided by n(0).
14
Let r(w) = 32*w - 1059. Let j be r(32). Let s be -72 - 2 - (-1 - 1). Let c = j - s. Calculate the remainder when 73 is divided by c.
36
Let v = 98 + -66. Suppose q + 5*a = -0*a + 31, 0 = -4*q + 4*a + 172. Calculate the remainder when q is divided by v.
9
Let k = 152 - 414. Let a = k + 272. What is the remainder when a is divided by 4?
2
Suppose 413 = -8915*n + 8922*n. Calculate the remainder when 704 is divided by n.
55
Suppose -4*i + 62 = 5*o, 3*i - o = -0*o + 37. Let d = 387 + -350. Calculate the remainder when d is divided by i.
11
Suppose -51*z = 100*z - 20498 - 13477. Let m = -56 + 94. Calculate the remainder when z is divided by m.
35
Let q(j) = 198*j + 53. What is the remainder when 633 is divided by q(0)?
50
Let f = -64 + 169. Let g = -102 + f. What is the remainder when g is divided by 3?
0
Let u(b) = -2*b**3 - 25*b**2 - 25*b - 77. What is the remainder when 382 is divided by u(-12)?
66
Let r be (1 - 9/2)/(20/(-5320)). Suppose -21*k + 2*k + r = 0. What is the remainder when 194 is divided by k?
47
Let x be 4753/(14 - 7) + 1. Let m = x - 642. Calculate the remainder when m is divided by 7.
3
Let f(i) = 818*i - 9. Let t be f(2). Suppose 4*k - 2*d = 2156, 4*d = -3*k + 8*d + t. Calculate the remainder when 2/(-3) - (-4 - k/9) is divided by 13.
11
Suppose -2*k - 63 = -53. Let i(t) = -36*t - 126. What is the remainder when 211 is divided by i(k)?
49
Let q(x) = -x**3 - 4*x**2 + 54*x + 221. What is the remainder when 33 is divided by q(-4)?
3
Calculate the remainder when -4*113/(-2) - -2 is divided by (-8)/(-10)*((-1638)/(-36) + 12).
44
Let y(f) = -237*f**3 + 16*f**2 + 31*f - 106. What is the remainder when y(-5) is divided by 82?
80
Suppose -26*m = -19*m - 24*m + 3740. Calculate the remainder when m is divided by 40.
20
Suppose 0 = 50*o - 55*o + 2*n + 143, 2*o + 2*n - 74 = 0. Calculate the remainder when 55 is divided by o.
24
Let